te -14 - -10 - (0 + -2).
-2
Evaluate 4 + (-1 - -11 - (5 - 0)).
9
What is (10 - 9) + -6 + 2 + 5?
2
What is 16 + -11 + 3 - 2?
6
Evaluate ((4 - 3) + -2 - 1) + 1.
-1
-20 + 30 - (5 + 1)
4
What is 7 + -20 + 8 - (-3 + 3)?
-5
Calculate -7 - (7 + (7 - 12)).
-9
Evaluate (69 - 73) + (2 - (7 + -2)).
-7
Calculate -2 + 4 + 1 - (-3 - -7).
-1
Calculate (1 - 2) + (3 - 6).
-4
0 - (1 + (-10 - -8))
1
Evaluate (-2 - (0 + 3)) + (-1 - -3).
-3
What is 4 - (9 + -4 + -2)?
1
Calculate -1 - (14 - 7) - -7.
-1
(3 - 2) + 2 - 2
1
What is the value of (24 - 7 - 14) + (1 - 6)?
-2
What is -4 + 2 - (-2 + -10 - -9)?
1
(-4 - -3) + 3 - (7 - 2)
-3
What is the value of -6 + -1 + -10 + 10?
-7
What is the value of -5 - (-1 + -5 + 1 - 3)?
3
Calculate -8 - ((-5 - (8 - 2)) + 7).
-4
What is the value of 4 + (-1 - 0) + -33 + 30?
0
Evaluate 84 + -93 + -1 + 3.
-7
Evaluate (3 + -2 - 4) + 3 + 0.
0
What is 10 + -1 + 52 + -65?
-4
-2 + -3 + -2 + 7
0
Evaluate (0 + -2 - -8) + -6.
0
Evaluate 8 + -6 + 4 + -6.
0
What is the value of (-1 - -1) + (119 - 125)?
-6
-2 + (-8 - (-7 - 4))
1
What is (-9 + 18 - 5) + -8?
-4
What is -1 + -3 + (4 - (-5 - -3))?
2
Evaluate 6 + 12 + -21 + 1 + -1.
-3
10 - -5 - 12 - (4 + -3)
2
(0 - -3 - 3 - -6) + -12
-6
Evaluate -5 + -1 - (6 + -7).
-5
(2 - 1) + (-4 + 13 - 5)
5
What is -3 - (-4 + 2) - (5 + -6)?
0
-1 + (1 - 2) + 4 + -6
-4
(-6 - -14 - 4) + -5
-1
(-11 + 9 - -1) + (2 - 6)
-5
Calculate (-3 - (-7 + 10)) + (-1 - -1).
-6
Evaluate (6 - 5) + 3 - (2 - -2).
0
What is the value of (5 - (8 + -5)) + 0?
2
What is the value of 4 + (7 - 7) - -1?
5
Evaluate -2 + 0 - (-4 + (9 - 3)).
-4
What is (-4 - -7) + (0 - (-11 + 6))?
8
What is the value of -6 + 5 + -2 + -2?
-5
What is the value of 12 - (-5 + 0 - -12)?
5
Evaluate -1 - (1 - (-3 - (3 + -4))).
-4
What is (1 + -4 - -4) + (-2 - -2)?
1
Evaluate -115 + 120 + (-4 - (0 - -1)).
0
Evaluate 9 - (0 + 5 - (31 + -34)).
1
Evaluate 3 - (-4 + (10 - 6)).
3
What is (6 - (8 + -3)) + (-1 - -2)?
2
Calculate 4 - (-4 - -13) - 0.
-5
Calculate -9 - (-3 - -8 - 9).
-5
Evaluate -1 + 1 + 1 - -2.
3
(3 - 2) + 5 + -4
2
What is the value of 2 + 4 + (7 - 15) - 4?
-6
Calculate -1 + 7 - (0 + 3).
3
What is the value of 4 + 5 + -8 + 6?
7
(11 - 1) + 52 + -66
-4
What is the value of (10 - 17) + 9 + 1?
3
Calculate 1 + 0 - (-4 - (8 - 11)).
2
What is (2 - (2 - -3)) + 2?
-1
Calculate (1 - 6 - -1) + 4.
0
What is 8 + -5 + 0 + -8 + 15?
10
Calculate (0 + 6 - 2) + -5 - -6.
5
Calculate -4 - (2 + (0 - (-3 + 3))).
-6
What is 0 + (1 - 2) - (37 - 42)?
4
Evaluate 2 + -2 + (40 - 38).
2
What is the value of -8 + 0 + -7 + 11?
-4
10 + -4 + -12 + -5 + 3
-8
-13 + 8 - (0 - 1)
-4
Evaluate 0 + (0 - 1) - (22 + -24).
1
What is the value of (-5 - 0) + 0 + (-4 - -14)?
5
Calculate 6 + -8 - ((-6 - -2) + 6).
-4
What is -114 + 117 + (-13 - 0)?
-10
10 + (-1 - 8) - (2 - -5)
-6
What is ((-4 - -3) + -1 - -6) + -3?
1
What is -3 - (-9 + 1 - -10)?
-5
Calculate -14 + 15 - (-3 + 2).
2
Evaluate 88 + -89 + (2 - (1 - 0)).
0
Evaluate -4 + (1 - (-3 + 0)).
0
Calculate 3 + (3 - 5) + -2.
-1
-4 - -2 - (6 - 6)
-2
What is 3 - (5 + -4 + (4 - -3))?
-5
Calculate -8 + (19 + -18 - (-4 - 1)).
-2
What is -5 + (11 - 18) + -2 + 7?
-7
What is 0 + 2 - (4 + (4 - 3))?
-3
What is (2 - 2 - (6 - 9)) + 4?
7
What is the value of 10 - 14 - (0 + -1 + -6)?
3
What is the value of (-15 - -4) + 0 + 12?
1
Evaluate 2 + 9 + -18 + 8.
1
What is 7 + (-3 - (0 + 1))?
3
What is the value of (11 - 5) + 0 + (-4 - -4)?
6
What is the value of 1 + -6 + 1 + (0 - -7)?
3
Calculate 0 + 1 + (2 - -2).
5
Calculate 3 - (4 - 8 - (-3 - 5)).
-1
Evaluate 2 - -1 - (-3 + 1).
5
-2 + 1 + -3 - -8
4
What is the value of (0 - -3) + -6 + -9 + 12?
0
Evaluate -3 - (-7 + 16) - -6.
-6
Calculate -1 - (6 - (-9 - -22)).
6
Evaluate -20 + 17 - (-3 + 4 + 0).
-4
Evaluate (99 - 96) + -1 + 7.
9
What is 0 + -5 + 0 + -3 + 3?
-5
What is the value of 0 + -1 - (-2 - -1)?
0
Evaluate 3 + (6 + -4 - 3).
2
What is the value of 5 + (-1 - -2) + -2 + -2?
2
What is (1 - 4) + 1 - (40 + -41)?
-1
Evaluate 6 + (-1 - (6 - -4)).
-5
16 - 13 - (0 - (2 + 0))
5
Evaluate 5 - 0 - (15 - 20) - 4.
6
Calculate 3 - (8 - (9 + -1)).
3
What is the value of 3 - (7 - (13 + -10))?
-1
What is the value of 7 - (0 + (3 - -1))?
3
Evaluate (-4 - -4) + (0 - 3) - 1.
-4
Evaluate 9 - 3 - -1 - 5.
2
What is the value of -1 + -13 + 1 + 21?
8
What is 3 + (-1 - -6 - (1 + 0))?
7
What is 4 - (7 + -1 + -3) - 4?
-3
What is 3 - (-7 + (4 - -11))?
-5
What is 4 - (-2 + (8 - 4)) - -2?
4
What is the value of (-64 - -45) + 15 + -3?
-7
Calculate 17 + -8 - (1 + -5 + 3).
10
What is the value of 11 - (7 + 2 + -3)?
5
5 - (-1 - (-8 - -4))
2
What is the value of -4 - (5 + (2 + -4 - 3))?
-4
What is the value of -11 - -5 - (-6 + 2)?
-2
Calculate 18 + -18 - 5 - (-1 - 6).
2
What is the value of (-5 - -1) + 0 + 2?
-2
What is the value of 1 + -2 + (2 - 3) + 2?
0
-4 - 1 - (-49 + 43) - 1
0
What is 1 - (0 - (-3 - (-5 + -5)))?
8
(-12 - -7) + -7 + 7
-5
Evaluate -1 + (4 + -8 + -3 - -6).
-2
3 - (6 - 4 - 1)
2
Calculate 6 - ((-1 - 0) + (17 - 16)).
6
Evaluate -6 + (0 - -7) + 0.
1
Calculate 10 + (9 - 18) + 3.
4
What is (2 - -3 - 6) + 9?
8
Evaluate -26 - -16 - (1 - 7).
-4
(-3 - -3) + 2 + -1
1
Evaluate 5 + (-6 - (-10 + 9)).
0
What is the value of -4 + 5 - -4 - 1?
4
What is the value of 57 + -57 - (4 - 1) - -1?
-2
Evaluate -2 - (-10 - 15) - 12.
11
Calculate 6 + -4 + -5 + 3.
0
9 + -3 + -2 + (-6 - 1)
-3
Calculate 4 + -16 + 7 + (8 - 4).
-1
Evaluate -3 + ((1 - -5) + 2 - 7).
-2
What is the value of -1 + (-2 - -1) - 2?
-4
What is -2 + -2 + 5 + -2?
-1
(3 + -3 - (-4 + -2)) + -2
4
Calculate 2 - 6 - 3 - -4.
-3
What is 26 + -19 - 6 - (0 - 10)?
11
Evaluate 5 + (-9 - (1 - -4)) + 2.
-7
Evaluate (6 - 3) + (-6 - 2).
-5
What is -10 + (7 - (-1 - -1))?
-3
What is 1 + (-8 + 3 - (0 - 3))?
-1
0 + 3 + 2 + -6
-1
Calculate (13 - -11) + -1 + -12.
11
Evaluate (2 - 0) + (0 + -2 - -5).
5
Calculate -10 + (4 + -2 - (21 + -26)).
-3
11 + (-5 + 2 - -1 - 3)
6
2 - 1 - (-1 + 3 - 5)
4
What is the value of 1 + -4 + 6 + -3?
0
1 + (0 - 4) + -2
-5
What is -18 - (-23 - (10 + -24))?
-9
Calculate -3 - (-9 - -2) - (3 - 4).
5
Calculate -2 - -11 - ((3 - 3) + 2).
7
Calculate 2 + 3 - (-5 - (-3 + 0)).
7
What is the value of 3 + (-5 - (-2 + 0))?
0
Evaluate -8 - -1 - (99 - 99).
-7
Evaluate -4 - (-3 - (-1 - 2 - -6)).
2
Evaluate 14 - 6 - 5 - (5 + 0).
-2
Evaluate -4 - (4 - 1 - (2 + 3)).
-2
Calculate -5 - (-6 + -1 - -12).
-10
What is the value of 0 - 4 - (-4 - 2)?
2
What is the value of 4 - -6 - (-23 + 31)?
2
Evaluate -4 - (-4 - -3) - (1 + 0).
-4
What is the value of (-4 - (10 + -14)) + -7?
-7
Evaluate 20 + -16 - (4 + -3 + 2).
1
What is (0 - 0) + -2 - -7?
5
Calculate -1 + (-2 + -4 - -11).
4
Calculate -4 + (0 - (-6 + 2)) + 4.
4
What is 2 + -1 + -5 + 6?
2
Calculate -27 - -40 - (4 + 0).
9
What is the value of -2 - (2 + 0) - (-33 + 32)?
-3
What is (-1 - -4) + (-3 - 0)?
0
Calculate -3 - (11 - 18) - 3.
1
Calculate 5 + (-8 - (-7 + 2)).
2
What is the value of -2 - (-9 - -4 - -5)?
-2
What is the value of 12 - 0 - (12 + -7 + 0)?
7
Calculate -22 + (3 - -5) + 19.
5
Calculate -4 + 1 + 0 - 0 - -1.
-2
(-7 - -4 - (-7 - -1)) + -5
-2
What is 3 - (9 + -1 - 11)?
6
(-12 - -18 - 10) + 7
3
Calculate -15 + 8 - (0 + -10).
3
Calculate -5 + -4 + 8 + -4.
-5
2 - (1 - (1 - (-1 + 1)))
2
What is (11 - (1 - 2)) + -3?
9
1 + 5 + -4 - (0 + -3)
5
Calculate -7 + 12 - (0 + -4 + 5).
4
2 - 6 - (3 - 8)
1
What is the value of 8 - 7 - (1 + -4) - 1?
3
Evaluate -4 + -1 + 6 + -3 - -4.
2
Calculate 1 + -2 + -2 + -2.
-5
Calculate -3 + 0 - (1 + 2 + -1).
-5
Calculate -2 + (-6 - (-3 - (-2 - -3))).
-4
What is the value of -12 + 18 + 2 + -1 + -10?
-3
What is -1 - -6 - (8 - 7)?
4
What is the value of -4 - (3 + -2) - -2?
-3
What is (-9 - -7 - -9) + -2?
5
Evaluate -15 + 11 - (1 + -9).
4
Calculate -1 + 5 + -7 + 10.
7
What is -1 + 1 + 1 + (-2 - 1)?
-2
Calculate (5 - -2) + (-19 - (5 + -9)).
-8
What is 3 - (4 + -1 + 3 + 2)?
-5
Evaluate -2 + (7 - (-2 - -7)).
0
What is 0 + 1 - (-2 - (-12 + 7))?
-2
Calculate 2 - 14 - (3 - (18 + -8)).
-5
What is the value of -3 - (3 + -2) - 0 - -1?
-3
1 - 0 - -1 - (30 + -26)
-2
Calculate (-3 - (-5 + 1)) + -4.
-3
What is 3 - 11 - (-6 - (-6 + 4))?
-4
Calculate -6 - (6 - 8) - -7.
3
Calculate (8 - 10) + 13 - 10.
1
Evaluate 1 + 1 - (3 + 0).
-1
What is the value of -6 + (-1 + -6 - -3)?
-10
Calculate -2 + -7 - (5 - 8) - -1.
-5
-3 + 12 + (3 - 6) + -2
4
What is the value of (1